{"id":705,"date":"2023-01-20T15:30:33","date_gmt":"2023-01-20T14:30:33","guid":{"rendered":"https:\/\/clickstop.fr\/?post_type=product&#038;p=705"},"modified":"2026-01-16T15:21:53","modified_gmt":"2026-01-16T14:21:53","slug":"poele-a-bois-longiligne-richard-le-droff-marguerite-2","status":"publish","type":"product","link":"https:\/\/clickstop.fr\/index.php\/produit\/poele-a-bois-longiligne-richard-le-droff-marguerite-2\/","title":{"rendered":"Po\u00eale \u00e0 bois longiligne RICHARD LE DROFF &#8211; MARGUERITE"},"content":{"rendered":"<blockquote>\n<h4 class=\"zone2\"><strong>Livraison en bas de chez vous Gratuite<\/strong><\/h4>\n<\/blockquote>\n<div class=\"zone1\">\n<h2>Caract\u00e9ristiques<\/h2>\n<table>\n<tbody>\n<tr>\n<td>Puissance<\/td>\n<td>9,2 kW<\/td>\n<\/tr>\n<tr>\n<td>Taille des b\u00fbches<\/td>\n<td>33 cm<\/td>\n<\/tr>\n<tr>\n<td>Rendement \u00e9nerg\u00e9tique<\/td>\n<td>82 %<\/td>\n<\/tr>\n<tr>\n<td>Taux de CO d\u00e9gag\u00e9<\/td>\n<td>0,07 %<\/td>\n<\/tr>\n<\/tbody>\n<\/table>\n<\/div>\n<div class=\"zone2\">\n<h2>Labels et points cl\u00e9s<\/h2>\n<table>\n<tbody>\n<tr>\n<td>Label \u00e9nergie.<\/td>\n<td>A<\/td>\n<\/tr>\n<tr>\n<td>Flamme verte<\/td>\n<td>7 \u00e9toiles<\/td>\n<\/tr>\n<tr>\n<td>Eco Design 2022<\/td>\n<td>oui<\/td>\n<\/tr>\n<tr>\n<td>Compatible RT 2012<\/td>\n<td>oui<\/td>\n<\/tr>\n<tr>\n<td>Le + produit<\/td>\n<td>Grande vision du feu : 78 cm en diagonale<\/td>\n<\/tr>\n<\/tbody>\n<\/table>\n<\/div>\n<div class=\"zone3\">\n<h2>Description<\/h2>\n<p><span id=\"m_m_c_c_litDescription\">Po\u00eale \u00e0 bois \u00e9tanche Marguerite &#8211; Habillage en acier \u00e9pais noir &#8211; Grande vision du feu (78 cm en diagonale) &#8211; Int\u00e9rieur en vermiculite haute densit\u00e9 pour une meilleure r\u00e9sistance de conditions de temp\u00e9ratures extr\u00eames et une meilleure combustion &#8211; Grille en fonte &#8211; Un corps de chauffe derni\u00e8re g\u00e9n\u00e9ration pour une combustion propre et plus \u00e9conomique gr\u00e2ce : 1- \u00e0 la technologie TOTAL CONTROL : les deux commandes d\u2019air permettent un pilotage int\u00e9gral par commandes d\u2019air de grille et post combustion dissimul\u00e9s dans le compartiment int\u00e9rieur. 2- \u00e0 son haut niveau d\u2019\u00e9tanch\u00e9it\u00e9 permettant de ma\u00eetriser les airs de combustion (air primaire, air secondaire et air de vitre int\u00e9gralement canalis\u00e9s et r\u00e9glables). 3- \u00e0 son d\u00e9flecteur d\u00e9montable sans outil. 4- \u00e0 une rampe d\u2018air secondaire pour une double combustion efficace &#8211; Ergonomie de prise en main gr\u00e2ce \u00e0 sa grande poign\u00e9e froide \u00e0 deux points assurant la bonne fermeture de la porte et l\u2019\u00e9tanch\u00e9it\u00e9 &#8211; Cendrier facilement accessible &#8211; Syst\u00e8me Vitre Propre &#8211; Adapt\u00e9 aux habitations conformes \u00e0 la RT 2012 : appareil \u00e9tanche compatible avec les VMC double flux, id\u00e9al pour les maisons HQE, RT2012 &#8211; Prise air raccordable \u00e0 l&rsquo;ext\u00e9rieur\u00a0\u00d8 95 mm &#8211; Raccordement arri\u00e8re et dessus m\u00e2le \u00d8 150 mm. Le prix indiqu\u00e9 comprend la TVA \u00e0 20%.<\/span><\/p>\n<table>\n<tbody>\n<tr>\n<td>Code EAN<\/td>\n<td>3760075412227<\/td>\n<\/tr>\n<tr>\n<td>Nomenclature douani\u00e8re<\/td>\n<td>73218900<\/td>\n<\/tr>\n<tr>\n<td>Raccord des fum\u00e9es<\/td>\n<td>arri\u00e8re ou dessus<\/td>\n<\/tr>\n<tr>\n<td>Diam\u00e8tre de buse<\/td>\n<td>150 mm<\/td>\n<\/tr>\n<tr>\n<td>Dimensions (LxHxP)<\/td>\n<td>56 x 137,5 x 55 cm<\/td>\n<\/tr>\n<tr>\n<td>Poids net<\/td>\n<td>168 Kg<\/td>\n<\/tr>\n<tr>\n<td>Lieu de fabrication<\/td>\n<td>CE<\/td>\n<\/tr>\n<tr>\n<td>Fiche produit constructeur<\/td>\n<td><a href=\"https:\/\/static.findis.fr\/data\/articles\/1199709\/fiche-produit-2314.pdf\" target=\"_blank\" rel=\"noopener\"><i class=\"fa-regular fa-arrow-down-to-square\"><\/i>\u00a0T\u00e9l\u00e9charger<\/a><\/td>\n<\/tr>\n<tr>\n<td>D\u00e9claration de performances<\/td>\n<td><a href=\"https:\/\/static.findis.fr\/data\/articles\/1199709\/declaration-de-performances-2315.pdf\" target=\"_blank\" rel=\"noopener\"><i class=\"fa-regular fa-arrow-down-to-square\"><\/i>\u00a0T\u00e9l\u00e9charger<\/a><\/td>\n<\/tr>\n<\/tbody>\n<\/table>\n<\/div>\n","protected":false},"excerpt":{"rendered":"<p>Livraison en bas de chez vous Gratuite Caract\u00e9ristiques Puissance 9,2 kW Taille des b\u00fbches 33 cm Rendement \u00e9nerg\u00e9tique 82 % Taux de CO d\u00e9gag\u00e9 0,07 % Labels et points cl\u00e9s Label \u00e9nergie. A Flamme verte 7 \u00e9toiles Eco Design 2022 oui Compatible RT 2012 oui Le + produit Grande vision du feu : 78 cm [&hellip;]<\/p>\n","protected":false},"featured_media":216,"comment_status":"closed","ping_status":"closed","template":"","meta":{"jetpack_publicize_message":"","jetpack_is_tweetstorm":false,"jetpack_publicize_feature_enabled":true,"jetpack_social_post_already_shared":true,"jetpack_social_options":{"image_generator_settings":{"template":"highway","enabled":false}}},"product_cat":[34],"product_tag":[42,43],"jetpack_publicize_connections":[],"_links":{"self":[{"href":"https:\/\/clickstop.fr\/index.php\/wp-json\/wp\/v2\/product\/705"}],"collection":[{"href":"https:\/\/clickstop.fr\/index.php\/wp-json\/wp\/v2\/product"}],"about":[{"href":"https:\/\/clickstop.fr\/index.php\/wp-json\/wp\/v2\/types\/product"}],"replies":[{"embeddable":true,"href":"https:\/\/clickstop.fr\/index.php\/wp-json\/wp\/v2\/comments?post=705"}],"wp:featuredmedia":[{"embeddable":true,"href":"https:\/\/clickstop.fr\/index.php\/wp-json\/wp\/v2\/media\/216"}],"wp:attachment":[{"href":"https:\/\/clickstop.fr\/index.php\/wp-json\/wp\/v2\/media?parent=705"}],"wp:term":[{"taxonomy":"product_cat","embeddable":true,"href":"https:\/\/clickstop.fr\/index.php\/wp-json\/wp\/v2\/product_cat?post=705"},{"taxonomy":"product_tag","embeddable":true,"href":"https:\/\/clickstop.fr\/index.php\/wp-json\/wp\/v2\/product_tag?post=705"}],"curies":[{"name":"wp","href":"https:\/\/api.w.org\/{rel}","templated":true}]}}

Poêle à bois longiligne RICHARD LE DROFF &#8211; MARGUERITE

<blockquote>
<h4 class="zone2"><strong>Livraison en bas de chez vous Gratuite</strong></h4>
</blockquote>
<div class="zone1">
<h2>Caractéristiques</h2>
<table>
<tbody>
<tr>
<td>Puissance</td>
<td>9,2 kW</td>
</tr>
<tr>
<td>Taille des bûches</td>
<td>33 cm</td>
</tr>
<tr>
<td>Rendement énergétique</td>
<td>82 %</td>
</tr>
<tr>
<td>Taux de CO dégagé</td>
<td>0,07 %</td>
</tr>
</tbody>
</table>
</div>
<div class="zone2">
<h2>Labels et points clés</h2>
<table>
<tbody>
<tr>
<td>Label énergie.</td>
<td>A</td>
</tr>
<tr>
<td>Flamme verte</td>
<td>7 étoiles</td>
</tr>
<tr>
<td>Eco Design 2022</td>
<td>oui</td>
</tr>
<tr>
<td>Compatible RT 2012</td>
<td>oui</td>
</tr>
<tr>
<td>Le + produit</td>
<td>Grande vision du feu : 78 cm en diagonale</td>
</tr>
</tbody>
</table>
</div>
<div class="zone3">
<h2>Description</h2>
<p><span id="m_m_c_c_litDescription">Poêle à bois étanche Marguerite &#8211; Habillage en acier épais noir &#8211; Grande vision du feu (78 cm en diagonale) &#8211; Intérieur en vermiculite haute densité pour une meilleure résistance de conditions de températures extrêmes et une meilleure combustion &#8211; Grille en fonte &#8211; Un corps de chauffe dernière génération pour une combustion propre et plus économique grâce : 1- à la technologie TOTAL CONTROL : les deux commandes d’air permettent un pilotage intégral par commandes d’air de grille et post combustion dissimulés dans le compartiment intérieur. 2- à son haut niveau d’étanchéité permettant de maîtriser les airs de combustion (air primaire, air secondaire et air de vitre intégralement canalisés et réglables). 3- à son déflecteur démontable sans outil. 4- à une rampe d‘air secondaire pour une double combustion efficace &#8211; Ergonomie de prise en main grâce à sa grande poignée froide à deux points assurant la bonne fermeture de la porte et l’étanchéité &#8211; Cendrier facilement accessible &#8211; Système Vitre Propre &#8211; Adapté aux habitations conformes à la RT 2012 : appareil étanche compatible avec les VMC double flux, idéal pour les maisons HQE, RT2012 &#8211; Prise air raccordable à l&rsquo;extérieur Ø 95 mm &#8211; Raccordement arrière et dessus mâle Ø 150 mm. Le prix indiqué comprend la TVA à 20%.</span></p>
<table>
<tbody>
<tr>
<td>Code EAN</td>
<td>3760075412227</td>
</tr>
<tr>
<td>Nomenclature douanière</td>
<td>73218900</td>
</tr>
<tr>
<td>Raccord des fumées</td>
<td>arrière ou dessus</td>
</tr>
<tr>
<td>Diamètre de buse</td>
<td>150 mm</td>
</tr>
<tr>
<td>Dimensions (LxHxP)</td>
<td>56 x 137,5 x 55 cm</td>
</tr>
<tr>
<td>Poids net</td>
<td>168 Kg</td>
</tr>
<tr>
<td>Lieu de fabrication</td>
<td>CE</td>
</tr>
<tr>
<td>Fiche produit constructeur</td>
<td><a href="https://static.findis.fr/data/articles/1199709/fiche-produit-2314.pdf" target="_blank" rel="noopener"><i class="fa-regular fa-arrow-down-to-square"></i> Télécharger</a></td>
</tr>
<tr>
<td>Déclaration de performances</td>
<td><a href="https://static.findis.fr/data/articles/1199709/declaration-de-performances-2315.pdf" target="_blank" rel="noopener"><i class="fa-regular fa-arrow-down-to-square"></i> Télécharger</a></td>
</tr>
</tbody>
</table>
</div>

<p>Livraison en bas de chez vous Gratuite Caractéristiques Puissance 9,2 kW Taille des bûches 33 cm Rendement énergétique 82 % Taux de CO dégagé 0,07 % Labels et points clés Label énergie. A Flamme verte 7 étoiles Eco Design 2022 oui Compatible RT 2012 oui Le + produit Grande vision du feu : 78 cm [&hellip;]</p>
