{"id":35,"date":"2022-07-17T17:38:41","date_gmt":"2022-07-17T15:38:41","guid":{"rendered":"https:\/\/clickstop.fr\/?post_type=product&#038;p=35"},"modified":"2026-01-16T15:37:33","modified_gmt":"2026-01-16T14:37:33","slug":"refrigerateur-americain-lg-gsxv90pzae","status":"publish","type":"product","link":"https:\/\/clickstop.fr\/index.php\/produit\/refrigerateur-americain-lg-gsxv90pzae\/","title":{"rendered":"LG &#8211; GSXV90PZAE"},"content":{"rendered":"<div class=\"zone1\">\n<h2>Caract\u00e9ristiques<\/h2>\n<table>\n<tbody>\n<tr>\n<td><span style=\"vertical-align: inherit;\"><span style=\"vertical-align: inherit;\">Volume (total)<\/span><\/span><\/td>\n<td>635 L<\/td>\n<\/tr>\n<tr>\n<td>Volume (r\u00e9f.)<\/td>\n<td>416 L<\/td>\n<\/tr>\n<tr>\n<td><span style=\"vertical-align: inherit;\"><span style=\"vertical-align: inherit;\">Volume (cong.)<\/span><\/span><\/td>\n<td>219 L<\/td>\n<\/tr>\n<tr>\n<td>Type de froid<\/td>\n<td><span style=\"vertical-align: inherit;\"><span style=\"vertical-align: inherit;\">Total sans givre<\/span><\/span><\/td>\n<\/tr>\n<tr>\n<td>Nombre de compresseurs<\/td>\n<td>1<\/td>\n<\/tr>\n<tr>\n<td>Nombre de circuits<\/td>\n<td>2<\/td>\n<\/tr>\n<tr>\n<td>R\u00e9gulation<\/td>\n<td>\u00e9lectronique<\/td>\n<\/tr>\n<tr>\n<td>Affichage T\u00b0<\/td>\n<td>oui<\/td>\n<\/tr>\n<tr>\n<td>Alarme<\/td>\n<td><span style=\"vertical-align: inherit;\"><span style=\"vertical-align: inherit;\">oui<\/span><\/span><\/td>\n<\/tr>\n<tr>\n<td>Distributeur d&rsquo;eau<\/td>\n<td>\u00e0 raccorder<\/td>\n<\/tr>\n<tr>\n<td>Pouvoir de cong\u00e9lation<\/td>\n<td><span style=\"vertical-align: inherit;\"><span style=\"vertical-align: inherit;\">12Kg\/24H<\/span><\/span><\/td>\n<\/tr>\n<tr>\n<td>Autonomie<\/td>\n<td>2 heures<\/td>\n<\/tr>\n<tr>\n<td>Niveau sonore<\/td>\n<td><span style=\"vertical-align: inherit;\"><span style=\"vertical-align: inherit;\">36 dB<\/span><\/span><\/td>\n<\/tr>\n<tr>\n<td>Conso \u00e9lec.<\/td>\n<td><span style=\"vertical-align: inherit;\"><span style=\"vertical-align: inherit;\">348 kWh \/ an<\/span><\/span><\/td>\n<\/tr>\n<tr>\n<td>Classe climatique<\/td>\n<td><span style=\"vertical-align: inherit;\"><span style=\"vertical-align: inherit;\">J<\/span><\/span><\/td>\n<\/tr>\n<tr>\n<td>Connect\u00e9<\/td>\n<td><span style=\"vertical-align: inherit;\"><span style=\"vertical-align: inherit;\">oui<\/span><\/span><\/td>\n<\/tr>\n<\/tbody>\n<\/table>\n<\/div>\n<div class=\"zone2\">\n<h2>Labels et points cl\u00e9s<\/h2>\n<table>\n<tbody>\n<tr>\n<td>Label \u00e9nergie<\/td>\n<td><span style=\"vertical-align: inherit;\"><span style=\"vertical-align: inherit;\">ET<\/span><\/span><\/td>\n<\/tr>\n<tr>\n<td>Cat\u00e9gorie sonore<\/td>\n<td>C<\/td>\n<\/tr>\n<tr>\n<td>Le + produit<\/td>\n<td><span style=\"vertical-align: inherit;\"><span style=\"vertical-align: inherit;\">InstaView Door-in-Door\u2122<\/span><\/span><\/td>\n<\/tr>\n<\/tbody>\n<\/table>\n<\/div>\n<div class=\"zone3\">\n<h2><span style=\"vertical-align: inherit;\"><span style=\"vertical-align: inherit;\">La description<\/span><\/span><\/h2>\n<p><span id=\"m_m_c_c_litDescription\">R\u00e9frig\u00e9rateur am\u00e9ricain InstaView Door-in-Door\u2122 &#8211; InstaView : toquez deux fois sur sa porte en verre et l&rsquo;int\u00e9rieur s&rsquo;\u00e9claire. L&rsquo;instaview permet de v\u00e9rifier le contenu du r\u00e9frig\u00e9rateur sans avoir \u00e0 ouvrir et limiter ainsi la d\u00e9perdition d&rsquo;air froid &#8211; Door-in-Door : un grand espace ouvrable d&rsquo;une seule pression, ce qui limite la d\u00e9perdition d&rsquo;air froid et offre un espace personnalisable pour toute la famille &#8211; R\u00e9frig\u00e9rateur No-Frost : 416 L &#8211; Technologie Multi-Air Flow : r\u00e9partition de fa\u00e7on uniforme du froid pour vous lib\u00e9rer des contraintes de rangement &#8211; Technologie Door Cooling+\u2122 : refroidit rapidement et uniform\u00e9ment de l&rsquo;avant \u00e0 l&rsquo;arri\u00e8re du r\u00e9frig\u00e9rateur gr\u00e2ce \u00e0 l\u2019action du rideau d\u2019air froid &#8211; Technologie Linear Cooling : un froid r\u00e9gulier \u00e0 plus ou moins 0,5\u00b0C pour garder la fra\u00eecheur des aliments &#8211; 3 clayettes verre &#8211; 1 clayette porte-bouteilles &#8211; Tiroir FreshZone : espace ind\u00e9pendant r\u00e9serv\u00e9 pour la viande, le poisson frais. Il leur assure une meilleure conservation &#8211; Tiroir Fresh Balancer : il retient l&rsquo;humidit\u00e9 en toute s\u00e9curit\u00e9, tandis que les contr\u00f4leurs maintiennent l&rsquo;humidit\u00e9 optimale pour les fruits et les l\u00e9gumes, en fonction du mode que vous avez d\u00e9fini &#8211; Joints anti-bact\u00e9rien &#8211; Eclairage LED uniforme &#8211; Metal Fresh\u2122 et finition Premium : rev\u00eatement et finition int\u00e9rieurs m\u00e9tallique qui conf\u00e8rent un aspect intemporel et haut de gamme au produit. Cong\u00e9lateur No-Frost : 219 L &#8211; 2 tiroirs &#8211; 4 clayettes verre &#8211; Fonction Cong\u00e9lation rapide &#8211; Distributeur 3 fonctions (eau purifi\u00e9e &#8211; glace pil\u00e9e &#8211; gla\u00e7ons) avec la technologie UV-nano qui permet de r\u00e9duire jusqu\u2019\u00e0 99,99% certaines bact\u00e9ries de l\u2019eau distribu\u00e9e afin d\u2019obtenir une eau fraiche et pure &#8211; Fabrique \u00e0 glace Slim Spaceplus\u2122 : int\u00e9gr\u00e9e \u00e0 la porte du r\u00e9frig\u00e9rateur et fine pour plus d&rsquo;espace de rangement &#8211; Commandes \u00e9lectroniques interne avec affichage digital &#8211; Alarme portes ouvertes &#8211; Produit connect\u00e9 WiFi pilotable avec l&rsquo;application ThinQ &#8211; Smart Diagnosis : d\u00e9tection de pannes \u00e0 distance &#8211; Compresseur lin\u00e9aire Inverter garanti 10 ans &#8211; Poign\u00e9es int\u00e9gr\u00e9es &#8211; Finition platinium.<\/span><\/p>\n<table>\n<tbody>\n<tr>\n<td><span style=\"vertical-align: inherit;\"><span style=\"vertical-align: inherit;\">Code EAN<\/span><\/span><\/td>\n<td>8806091426123<\/td>\n<\/tr>\n<tr>\n<td>Nomenclature douani\u00e8re<\/td>\n<td>84182199<\/td>\n<\/tr>\n<tr>\n<td>Disponibilit\u00e9 des pi\u00e8ces d\u00e9tach\u00e9es<\/td>\n<td>5 ans (donn\u00e9e constructeur)<\/td>\n<\/tr>\n<tr>\n<td><span style=\"vertical-align: inherit;\"><span style=\"vertical-align: inherit;\">Dimensions (LxHxP)<\/span><\/span><\/td>\n<td>91,3 x 179 x 73,5 (62 hors portes) cm<\/td>\n<\/tr>\n<tr>\n<td>Poids net<\/td>\n<td><span style=\"vertical-align: inherit;\"><span style=\"vertical-align: inherit;\">137 kg<\/span><\/span><\/td>\n<\/tr>\n<tr>\n<td>Coloris<\/td>\n<td>inox<\/td>\n<\/tr>\n<tr>\n<td>Porte(s) r\u00e9versible(s)<\/td>\n<td><span style=\"vertical-align: inherit;\"><span style=\"vertical-align: inherit;\">non<\/span><\/span><\/td>\n<\/tr>\n<tr>\n<td>Lieu de fabrication<\/td>\n<td>Chine<\/td>\n<\/tr>\n<tr>\n<td>Fiche produit UE<\/td>\n<td><a href=\"https:\/\/static.findis.fr\/data\/articles\/1189186\/fiche-produit-ue-2313.pdf\" target=\"_blank\" rel=\"noopener\"><i class=\"fa-regular fa-arrow-down-to-square\"><\/i>\u00a0T\u00e9l\u00e9charger<\/a><\/td>\n<\/tr>\n<tr>\n<td>Fiche produit constructeur<\/td>\n<td><a href=\"https:\/\/static.findis.fr\/data\/articles\/1189186\/fiche-produit-2314.pdf\" target=\"_blank\" rel=\"noopener\"><i class=\"fa-regular fa-arrow-down-to-square\"><\/i><span style=\"vertical-align: inherit;\"><span style=\"vertical-align: inherit;\">\u00a0T\u00e9l\u00e9charger<\/span><\/span><\/a><\/td>\n<\/tr>\n<\/tbody>\n<\/table>\n<\/div>\n","protected":false},"excerpt":{"rendered":"<p>Caract\u00e9ristiques Volume (total) 635 L Volume (r\u00e9f.) 416 L Volume (cong.) 219 L Type de froid Total sans givre Nombre de compresseurs 1 Nombre de circuits 2 R\u00e9gulation \u00e9lectronique Affichage T\u00b0 oui Alarme oui Distributeur d&rsquo;eau \u00e0 raccorder Pouvoir de cong\u00e9lation 12Kg\/24H Autonomie 2 heures Niveau sonore 36 dB Conso \u00e9lec. 348 kWh \/ an [&hellip;]<\/p>\n","protected":false},"featured_media":37,"comment_status":"closed","ping_status":"closed","template":"","meta":{"jetpack_publicize_message":"","jetpack_is_tweetstorm":false,"jetpack_publicize_feature_enabled":true,"jetpack_social_post_already_shared":false,"jetpack_social_options":{"image_generator_settings":{"template":"highway","enabled":false}}},"product_cat":[34],"product_tag":[],"jetpack_publicize_connections":[],"_links":{"self":[{"href":"https:\/\/clickstop.fr\/index.php\/wp-json\/wp\/v2\/product\/35"}],"collection":[{"href":"https:\/\/clickstop.fr\/index.php\/wp-json\/wp\/v2\/product"}],"about":[{"href":"https:\/\/clickstop.fr\/index.php\/wp-json\/wp\/v2\/types\/product"}],"replies":[{"embeddable":true,"href":"https:\/\/clickstop.fr\/index.php\/wp-json\/wp\/v2\/comments?post=35"}],"wp:featuredmedia":[{"embeddable":true,"href":"https:\/\/clickstop.fr\/index.php\/wp-json\/wp\/v2\/media\/37"}],"wp:attachment":[{"href":"https:\/\/clickstop.fr\/index.php\/wp-json\/wp\/v2\/media?parent=35"}],"wp:term":[{"taxonomy":"product_cat","embeddable":true,"href":"https:\/\/clickstop.fr\/index.php\/wp-json\/wp\/v2\/product_cat?post=35"},{"taxonomy":"product_tag","embeddable":true,"href":"https:\/\/clickstop.fr\/index.php\/wp-json\/wp\/v2\/product_tag?post=35"}],"curies":[{"name":"wp","href":"https:\/\/api.w.org\/{rel}","templated":true}]}}